{"id":57,"date":"2018-09-19T15:57:28","date_gmt":"2018-09-19T15:57:28","guid":{"rendered":"http:\/\/potinpot.industriales.upm.es\/?page_id=57"},"modified":"2018-11-04T12:09:40","modified_gmt":"2018-11-04T12:09:40","slug":"zonas-de-uso","status":"publish","type":"page","link":"http:\/\/potinpot.industriales.upm.es\/index.php\/zonas-de-uso\/","title":{"rendered":"Zonas de uso"},"content":{"rendered":"<p>Uno de los inconvenientes del pot-in-pot es que no puede ser utilizado en cualquier lugar geogr\u00e1fico, sino que es necesario que se cumplan tres requisitos b\u00e1sicos:<\/p>\n<ul>\n<li>Altas temperaturas y baja humedad relativa, caracter\u00edsticas t\u00edpicas de, por ejemplo, los veranos en los climas mediterr\u00e1neos.<\/li>\n<li>Una cantidad suficiente de agua en las cercan\u00edas para mantener la arena que separa las dos cer\u00e1micas suficientemente mojada en todo momento.<\/li>\n<li>Un suelo lo bastante arcilloso como para poder obtener de \u00e9l la materia prima necesaria en la elaboraci\u00f3n del pot-in-pot.<\/li>\n<\/ul>\n<p>A su vez, los sistemas pot-in-pot ser\u00e1n m\u00e1s necesarios, y por tanto mejor aceptados, en aquellas zonas en las que el acceso a la electricidad sea m\u00e1s limitado, ya que es en estas zonas en las que tenga mayor utilidad un sistema de enfriamiento que no necesite de una fuente de energ\u00eda externa.<\/p>\n<p>Teniendo en cuenta lo expuesto anteriormente, en el a\u00f1o 2017 el profesor Andr\u00e9s Mart\u00ednez de Azagra, de la Universidad de Valladolid, y colaboradores, desarrollaron un mapamundi de las posibles zonas de implementaci\u00f3n del pot-in-pot. En este, los distintos tonos de azul muestran la mayor o menor adecuaci\u00f3n del clima de la zona a las necesidades de nuestro dispositivo, seg\u00fan el tono sea m\u00e1s oscuro o m\u00e1s claro respectivamente, mientras que el sombreado en rosa significa alguna restricci\u00f3n al uso del pot-in-pot (escasez de agua potable, terrenos poco arcillosos&#8230;)<\/p>\n<figure id=\"attachment_97\" aria-describedby=\"caption-attachment-97\" style=\"width: 525px\" class=\"wp-caption alignnone\"><img loading=\"lazy\" decoding=\"async\" class=\"wp-image-97 size-large\" src=\"http:\/\/potinpot.industriales.upm.es\/wp-content\/uploads\/2018\/10\/Mapamundi-potinpot-3-1024x689.jpg\" alt=\"\" width=\"525\" height=\"353\" srcset=\"http:\/\/potinpot.industriales.upm.es\/wp-content\/uploads\/2018\/10\/Mapamundi-potinpot-3-1024x689.jpg 1024w, http:\/\/potinpot.industriales.upm.es\/wp-content\/uploads\/2018\/10\/Mapamundi-potinpot-3-300x202.jpg 300w, http:\/\/potinpot.industriales.upm.es\/wp-content\/uploads\/2018\/10\/Mapamundi-potinpot-3-768x517.jpg 768w, http:\/\/potinpot.industriales.upm.es\/wp-content\/uploads\/2018\/10\/Mapamundi-potinpot-3.jpg 1734w\" sizes=\"auto, (max-width: 525px) 100vw, 525px\" \/><figcaption id=\"caption-attachment-97\" class=\"wp-caption-text\">Fuente: Mart\u00ednez de Azagra y col., en \u00abHacia un Agua Justa\u00bb, Ed. U. de Valladolid, 2017, p.471.<\/figcaption><\/figure>\n<p>En el mapa podemos apreciar como la Nigeria natal del profesor Mohammed Bah Abba, situada en la coste norte del golfo de Guinea, cumple en ciertas zonas con los requisitos clim\u00e1ticos establecidos.<\/p>\n","protected":false},"excerpt":{"rendered":"<p>Uno de los inconvenientes del pot-in-pot es que no puede ser utilizado en cualquier lugar geogr\u00e1fico, sino que es necesario que se cumplan tres requisitos b\u00e1sicos: Altas temperaturas y baja humedad relativa, caracter\u00edsticas t\u00edpicas de, por ejemplo, los veranos en los climas mediterr\u00e1neos. Una cantidad suficiente de agua en las cercan\u00edas para mantener la arena &hellip; <\/p>\n<p class=\"link-more\"><a href=\"http:\/\/potinpot.industriales.upm.es\/index.php\/zonas-de-uso\/\" class=\"more-link\">Continuar leyendo<span class=\"screen-reader-text\"> \u00abZonas de uso\u00bb<\/span><\/a><\/p>\n","protected":false},"author":1,"featured_media":0,"parent":0,"menu_order":0,"comment_status":"closed","ping_status":"closed","template":"","meta":{"footnotes":""},"class_list":["post-57","page","type-page","status-publish","hentry"],"_links":{"self":[{"href":"http:\/\/potinpot.industriales.upm.es\/index.php\/wp-json\/wp\/v2\/pages\/57","targetHints":{"allow":["GET"]}}],"collection":[{"href":"http:\/\/potinpot.industriales.upm.es\/index.php\/wp-json\/wp\/v2\/pages"}],"about":[{"href":"http:\/\/potinpot.industriales.upm.es\/index.php\/wp-json\/wp\/v2\/types\/page"}],"author":[{"embeddable":true,"href":"http:\/\/potinpot.industriales.upm.es\/index.php\/wp-json\/wp\/v2\/users\/1"}],"replies":[{"embeddable":true,"href":"http:\/\/potinpot.industriales.upm.es\/index.php\/wp-json\/wp\/v2\/comments?post=57"}],"version-history":[{"count":6,"href":"http:\/\/potinpot.industriales.upm.es\/index.php\/wp-json\/wp\/v2\/pages\/57\/revisions"}],"predecessor-version":[{"id":151,"href":"http:\/\/potinpot.industriales.upm.es\/index.php\/wp-json\/wp\/v2\/pages\/57\/revisions\/151"}],"wp:attachment":[{"href":"http:\/\/potinpot.industriales.upm.es\/index.php\/wp-json\/wp\/v2\/media?parent=57"}],"curies":[{"name":"wp","href":"https:\/\/api.w.org\/{rel}","templated":true}]}}